e factors of 11994?
2, 3, 1999
What are the prime factors of 1217?
1217
What are the prime factors of 81281?
81281
List the prime factors of 241.
241
List the prime factors of 21012.
2, 3, 17, 103
List the prime factors of 10551.
3, 3517
What are the prime factors of 1757?
7, 251
List the prime factors of 2007.
3, 223
What are the prime factors of 3319?
3319
List the prime factors of 3110.
2, 5, 311
What are the prime factors of 1044?
2, 3, 29
What are the prime factors of 5116?
2, 1279
What are the prime factors of 62819?
62819
List the prime factors of 1018.
2, 509
List the prime factors of 4007.
4007
List the prime factors of 36426.
2, 3, 13, 467
List the prime factors of 4077.
3, 151
What are the prime factors of 19296?
2, 3, 67
What are the prime factors of 7483?
7, 1069
List the prime factors of 21336.
2, 3, 7, 127
List the prime factors of 279.
3, 31
List the prime factors of 1341.
3, 149
What are the prime factors of 1038?
2, 3, 173
List the prime factors of 41690.
2, 5, 11, 379
What are the prime factors of 4191?
3, 11, 127
What are the prime factors of 9300?
2, 3, 5, 31
List the prime factors of 10142.
2, 11, 461
What are the prime factors of 2919?
3, 7, 139
What are the prime factors of 1732?
2, 433
List the prime factors of 49259.
7, 31, 227
What are the prime factors of 20297?
20297
List the prime factors of 8320.
2, 5, 13
List the prime factors of 35168.
2, 7, 157
List the prime factors of 15747.
3, 29, 181
List the prime factors of 95893.
7, 19, 103
List the prime factors of 9025.
5, 19
What are the prime factors of 859?
859
List the prime factors of 32881.
131, 251
What are the prime factors of 22402?
2, 23, 487
List the prime factors of 3407.
3407
What are the prime factors of 52442?
2, 13, 2017
What are the prime factors of 1449?
3, 7, 23
What are the prime factors of 1971?
3, 73
List the prime factors of 1194.
2, 3, 199
What are the prime factors of 193?
193
What are the prime factors of 24514?
2, 7, 17, 103
What are the prime factors of 4114?
2, 11, 17
List the prime factors of 4608.
2, 3
What are the prime factors of 21621?
3, 7207
List the prime factors of 728.
2, 7, 13
List the prime factors of 5766.
2, 3, 31
What are the prime factors of 16406?
2, 13, 631
List the prime factors of 2015.
5, 13, 31
List the prime factors of 5622.
2, 3, 937
List the prime factors of 16788.
2, 3, 1399
What are the prime factors of 608?
2, 19
What are the prime factors of 3113?
11, 283
What are the prime factors of 7738?
2, 53, 73
What are the prime factors of 24230?
2, 5, 2423
List the prime factors of 661.
661
What are the prime factors of 56637?
3, 7, 29, 31
What are the prime factors of 51669?
3, 5741
List the prime factors of 88285.
5, 17657
What are the prime factors of 74663?
197, 379
What are the prime factors of 151137?
3, 7, 2399
What are the prime factors of 17372?
2, 43, 101
What are the prime factors of 27747?
3, 3083
List the prime factors of 2655.
3, 5, 59
What are the prime factors of 3172?
2, 13, 61
List the prime factors of 52336.
2, 3271
List the prime factors of 1449.
3, 7, 23
What are the prime factors of 67?
67
What are the prime factors of 3851?
3851
List the prime factors of 23821.
7, 41, 83
What are the prime factors of 1213?
1213
What are the prime factors of 60?
2, 3, 5
List the prime factors of 3364.
2, 29
List the prime factors of 4865.
5, 7, 139
List the prime factors of 494.
2, 13, 19
List the prime factors of 845.
5, 13
List the prime factors of 25857.
3, 13, 17
List the prime factors of 21644.
2, 7, 773
List the prime factors of 898.
2, 449
What are the prime factors of 68?
2, 17
List the prime factors of 56378.
2, 7, 4027
List the prime factors of 55.
5, 11
List the prime factors of 418.
2, 11, 19
List the prime factors of 7896.
2, 3, 7, 47
List the prime factors of 1281.
3, 7, 61
What are the prime factors of 456?
2, 3, 19
What are the prime factors of 374?
2, 11, 17
What are the prime factors of 18942?
2, 3, 7, 11, 41
List the prime factors of 7296.
2, 3, 19
List the prime factors of 504.
2, 3, 7
What are the prime factors of 105020?
2, 5, 59, 89
What are the prime factors of 6784?
2, 53
List the prime factors of 18672.
2, 3, 389
What are the prime factors of 15364?
2, 23, 167
What are the prime factors of 88757?
17, 23, 227
What are the prime factors of 15089?
79, 191
List the prime factors of 1232.
2, 7, 11
List the prime factors of 7124.
2, 13, 137
List the prime factors of 1423.
1423
What are the prime factors of 1272?
2, 3, 53
What are the prime factors of 86?
2, 43
What are the prime factors of 332?
2, 83
What are the prime factors of 1669?
1669
List the prime factors of 10233.
3, 379
What are the prime factors of 2222?
2, 11, 101
What are the prime factors of 7464?
2, 3, 311
List the prime factors of 15474.
2, 3, 2579
List the prime factors of 103690.
2, 5, 10369
What are the prime factors of 54255?
3, 5, 3617
List the prime factors of 3388.
2, 7, 11
What are the prime factors of 19485?
3, 5, 433
List the prime factors of 8775.
3, 5, 13
List the prime factors of 38995.
5, 11, 709
What are the prime factors of 759?
3, 11, 23
What are the prime factors of 717?
3, 239
What are the prime factors of 28073?
67, 419
List the prime factors of 1548.
2, 3, 43
List the prime factors of 1420.
2, 5, 71
What are the prime factors of 1210?
2, 5, 11
What are the prime factors of 24275?
5, 971
What are the prime factors of 479?
479
What are the prime factors of 1203?
3, 401
What are the prime factors of 1517?
37, 41
List the prime factors of 5851.
5851
List the prime factors of 3527.
3527
List the prime factors of 1953.
3, 7, 31
List the prime factors of 137054.
2, 17, 29, 139
List the prime factors of 18514.
2, 9257
What are the prime factors of 3510?
2, 3, 5, 13
List the prime factors of 5460.
2, 3, 5, 7, 13
What are the prime factors of 25086?
2, 3, 37, 113
What are the prime factors of 12741?
3, 31, 137
List the prime factors of 127417.
47, 2711
List the prime factors of 1199.
11, 109
List the prime factors of 18587.
18587
What are the prime factors of 19375?
5, 31
What are the prime factors of 5759?
13, 443
What are the prime factors of 1241?
17, 73
What are the prime factors of 17847?
3, 661
List the prime factors of 405.
3, 5
What are the prime factors of 6516?
2, 3, 181
What are the prime factors of 14003?
11, 19, 67
What are the prime factors of 18942?
2, 3, 7, 11, 41
List the prime factors of 883.
883
List the prime factors of 84859.
84859
What are the prime factors of 640?
2, 5
What are the prime factors of 906?
2, 3, 151
List the prime factors of 6558.
2, 3, 1093
What are the prime factors of 26827?
139, 193
List the prime factors of 63056.
2, 7, 563
What are the prime factors of 68090?
2, 5, 11, 619
What are the prime factors of 21259?
7, 3037
List the prime factors of 100.
2, 5
What are the prime factors of 2289?
3, 7, 109
What are the prime factors of 1142?
2, 571
What are the prime factors of 246?
2, 3, 41
What are the prime factors of 161048?
2, 41, 491
List the prime factors of 94857.
3, 7, 4517
What are the prime factors of 2010?
2, 3, 5, 67
What are the prime factors of 1403?
23, 61
What are the prime factors of 3932?
2, 983
List the prime factors of 15102.
2, 3, 839
List the prime factors of 32523.
3, 37, 293
List the prime factors of 15618.
2, 3, 19, 137
List the prime factors of 185867.
11, 61, 277
List the prime factors of 16740.
2, 3, 5, 31
List the prime factors of 17748.
2, 3, 17, 29
List the prime factors of 50921.
13, 3917
List the prime factors of 650.
2, 5, 13
List the prime factors of 121.
11
List the prime factors of 2357.
2357
List the prime factors of 414.
2, 3, 23
List the prime factors of 174.
2, 3, 29
What are the prime factors of 402?
2, 3, 67
List the prime factors of 10786.
2, 5393
List the prime factors of 4930.
2, 5, 17, 29
List the prime factors of 1178.
2, 19, 31
What are the prime factors of 79202?
2, 199
What are the prime factors of 5763?
3, 17, 113
List the prime factors of 9489.
3, 3163
List the prime factors of 1321.
1321
What are the prime factors of 3127?
53, 59
What are the prime factors of 1655?
5, 331
List the prime factors of 1296.
2, 3
What are the prime factors of 26203?
26203
What are the prime factors of 2930?
2, 5, 293
What are the prime factors of 2